e the highest common factor of o and 1815.
15
Let o be (2 + 1)*5850/27. Suppose -2*f + 212 = m, -f + 0*f - o = -3*m. Calculate the greatest common factor of m and 24.
24
Let l be 37 + (2 - (3 + -7) - 2). Suppose u - 34 - l = 0. Calculate the highest common divisor of u and 50.
25
Suppose -14*w = 65 + 1321. Suppose -375 = -3*y - 63. Let h = y + w. Calculate the highest common factor of h and 45.
5
Let r = 325 + -254. Suppose 4*j + 5*o - r = 0, -3*j + 5*o = -6*j + 47. What is the highest common divisor of j and 56?
8
Let l(b) = -2*b + 8. Let k be l(-17). Let j = -242 + 257. Suppose -21*u + j*u + k = 0. What is the greatest common divisor of 56 and u?
7
Let j be (-1 - (-1928)/40)*(728 + -8). Calculate the greatest common factor of j and 288.
288
Suppose 64*v - 440 = 56*v. Let j = -4 - -26. Suppose -l + j = -0*l. What is the highest common factor of v and l?
11
Let n = 3 + -2. Suppose 9 = q - n. Suppose -101*c - 114*c + 17200 = 0. What is the greatest common divisor of c and q?
10
Suppose 15 = -3*f, 0 = n - f + 3*f - 7. Let m = 528 - 524. Suppose 0 = j + m*p - 127, 3*j + 2*p + 115 = 4*j. What is the greatest common divisor of j and n?
17
Suppose 5*s - 3*v - 90 = v, -45 = -5*s - 5*v. Suppose 157 + 123 = 40*k. What is the highest common factor of k and s?
7
Suppose -4*u = -3*o + 14 + 3, 2 = -2*o - 4*u. Suppose o*n = -131 + 467. What is the greatest common factor of 16 and n?
16
Suppose 827 = 2*l + 5*t, 5*l + 0*t + 5*t = 2105. What is the greatest common divisor of l and 3195?
213
Suppose 664 = 5*u - 56. Suppose -99 = -3*d + 3*p, 4*p = -4*d + 2*p + u. Suppose 3*q - d = -8. Calculate the highest common divisor of 27 and q.
9
Let n be (5865/9)/(195/234). Calculate the highest common divisor of n and 322.
46
Suppose 0 = -5*h + 5*t + 170 + 125, 0 = 4*h + t - 226. Let p = h - 46. What is the greatest common divisor of 198 and p?
11
Let n(v) = 918*v + 3724. Let g be n(-4). What is the greatest common divisor of g and 26?
26
Let h = 78 - 74. Suppose -h*s + 144 = 5*q, -4*q + 8*s + 148 = 3*s. Suppose 0 = -o - o - 2, k - 11 = -5*o. Calculate the greatest common factor of k and q.
16
Suppose -2*t - 2*t = 3*o - 51, 3 = 3*o. Let f be (6/t)/(2/112). Suppose -d - d - 2*h + f = 0, 84 = 4*d - 3*h. Calculate the highest common factor of d and 18.
18
Let s(d) = -d**3 - 32*d**2 - 36*d - 20. Let t be s(-31). Suppose a - 3*a + 144 = 5*i, 5*a = -5*i + t. Calculate the highest common factor of 10 and i.
10
Suppose -4*o = 11 - 15. Let l be 13/(52/264) - o/1. Calculate the highest common divisor of 78 and l.
13
Let v be (-29 - -30)/((-1)/(-4)). Suppose -v*d + 44 = 20. Let h(x) = -2*x - 5. Let m be h(-13). Calculate the highest common divisor of m and d.
3
Suppose 4*j + 3*z = 682, 2*z = -24*j + 28*j - 672. Calculate the highest common factor of 5746 and j.
169
Let i be 5 - (-11 + 112/(-14)). What is the highest common factor of 88 and i?
8
Let b be 140/6 + (-284)/(-426). What is the highest common divisor of 10596 and b?
12
Let x = 10993 - 7051. Calculate the greatest common factor of 54 and x.
54
Let l = -60 + 203. Suppose 563 = -4*o + 117*a - 112*a, -3*o - 430 = 4*a. Let g = l + o. What is the greatest common divisor of 12 and g?
1
Let z = 2 - -22. Let t(w) = -4 + 7*w**3 + 7*w - 6*w + 3*w - 24*w**2 + 18*w**2. Let o be t(2). What is the highest common factor of z and o?
12
Let j(q) = 20*q - 172. Let c be j(13). Suppose 2*p - 3*p + 8 = 0. Let d be -2 + p + 3 - -2. Calculate the greatest common factor of d and c.
11
Let t = -9857 - -12686. What is the greatest common factor of 483 and t?
69
Suppose 5*z = -2*d + 936, 1507*d - 1503*d - 744 = -4*z. What is the greatest common divisor of z and 64?
4
Let o(f) = -2*f**2 + 6*f - 33. Let z be o(5). Let i = z - -209. Calculate the greatest common factor of 12 and i.
12
Let g be (-11)/((-264)/432) + 1473. Calculate the greatest common factor of g and 6177.
213
Let s(g) = -135*g - 1070. Let p be s(-8). What is the highest common factor of 22370 and p?
10
Suppose -5*d - 2*w - 15 + 77 = 0, 5*d - 78 = 2*w. What is the greatest common divisor of d and 1351?
7
Let o(q) = q**2 - 32*q - 32. Let i be o(25). Let p = 345 + i. What is the highest common divisor of 6 and p?
6
Let g(k) = -k**2 - 32*k + 530. Let x be g(-41). What is the greatest common factor of 989 and x?
23
Suppose -2*d = d + 5*a + 1073, -3*d = 4*a + 1072. Let z = -124 - d. What is the greatest common divisor of 8 and z?
8
Let i(m) = -m**2 - 28*m + 27. Let y be i(-29). Let g be 7/y*(-1980)/22. What is the greatest common factor of 35 and g?
35
Let z(o) = 4462*o**2 - 39*o - 42. Let a be z(-1). What is the highest common divisor of a and 78?
13
Let k = 35 + 3. Suppose 3*j + k = 2*g, -5*g + j = 19 - 101. What is the highest common factor of g and 32?
16
Suppose 0 = 30*q - 37*q + 5691. Let z = q - 286. What is the greatest common divisor of 17 and z?
17
Let k be (384/40)/(6/100). Suppose -4*x = 35*c - 37*c - 392, -5*x + 4*c + 496 = 0. What is the highest common factor of x and k?
32
Let o = -4440 + 5032. Calculate the highest common factor of 2516 and o.
148
Let l be (-12)/4 + (-1 - -29 - -5). What is the greatest common divisor of 190 and l?
10
Let f be (-498)/(16 - (-800)/(-48)). What is the highest common divisor of 243 and f?
9
Suppose 4*a - 115 = 4*d - 127, 0 = -9*d - 4*a + 92. What is the highest common factor of d and 4952?
8
Suppose 0 = -5*w - 216 - 9. Let d be 276*(-4 - w/10). Suppose -378 = -6*p - d. Calculate the highest common factor of p and 5.
5
Let b(f) = 215*f + 5013. Let m be b(-23). Let v = 528 + -358. Calculate the highest common factor of m and v.
34
Suppose -4*z - 4*i = -26336, -z + 4713 = -5*i - 1883. Calculate the greatest common factor of 178 and z.
178
Let d(l) = -213*l**3 - 24*l**2 - 45*l + 10. Let z be d(-7). Calculate the greatest common divisor of z and 16.
16
Suppose 10818 = 83*p - 6352 - 11216. Calculate the highest common factor of 2793 and p.
57
Let r be (4 - 0)/(5/10*2). Suppose -10*v + 198 = -r*v. What is the greatest common factor of v and 22?
11
Let i be (41499/1113)/((-1)/(-14)). Calculate the highest common divisor of i and 10092.
174
Let y = -1 - 43. Let m be (y/((-8)/4))/2. Suppose 24 = -m*s + 15*s. Calculate the highest common divisor of 30 and s.
6
Suppose -3*s = 3*x - 6, 0*s - 2 = -4*s + 2*x. Let h be (-19)/s + -20 + 24. Let q be 5/h*0 - -12. Calculate the highest common factor of q and 30.
6
Let w be (-7)/(-1) + (312 - 94). Let a be 10/(-4)*(12 + -22). Calculate the greatest common factor of a and w.
25
Let q = 518 - 443. Calculate the highest common factor of q and 255.
15
Suppose -1757 = -4*n + 3*b, 23*b + 903 = 2*n + 18*b. What is the greatest common divisor of 49 and n?
7
Let p(c) = 2*c**2 - 54*c + 255. Let y be p(5). Calculate the highest common factor of 505 and y.
5
Let n be 28/21 - 1149/(-9)*1. Calculate the greatest common divisor of n and 1.
1
Let u(x) = -x - 59. Let z be u(17). Let d be (2 + z)*14/(-4). Calculate the highest common factor of d and 111.
37
Suppose i - 10035 = -3*q - 758, -3*i + 2*q = -27897. Calculate the highest common factor of 55 and i.
55
Suppose 783*d - 757*d - 5460 = 0. Calculate the greatest common factor of d and 4578.
42
Let x(n) = -2*n**2 - 309*n**3 - 2*n - 2*n + 283*n**3. Let z be x(-2). What is the highest common divisor of 26 and z?
26
Let q(c) = 7*c - 20. Let g be q(5). Let p(x) = x**2 - 3*x - 15. Let z be p(g). Let f be (-4)/5*1815/(-22). What is the greatest common divisor of f and z?
33
Suppose -51*u = -2*h - 50*u + 1906, 5*u + 30 = 0. What is the greatest common divisor of 500 and h?
50
Let d = 41196 + -41184. Suppose -5*t + 2*w = -236, 5*w + 134 = 2*t + t. Calculate the highest common divisor of t and d.
12
Suppose 61 = 14*m - 9. Suppose -2*t = -37*x + 38*x - 159, -m*x - 165 = -2*t. Calculate the highest common divisor of t and 48.
16
Suppose x - 8 + 6 = 0. Suppose 2*u = 3*r + 2*r + 23, x*u - 4*r - 26 = 0. Suppose -u*c + 22*c - 18 = 0. Calculate the greatest common factor of c and 66.
6
Let l be -16*9/(-18) + -2 + 14 + 2. Calculate the highest common divisor of 1738 and l.
22
Let d be (-21*(-42)/(-245))/(4/(-1230)). What is the greatest common factor of d and 82?
41
Let w = 56 - 50. Suppose w*f - f = 25. Let k be (4/(1 + 3))/1 + f. What is the greatest common divisor of 18 and k?
6
Suppose m -